= 3*s + 4*u. What is the remainder when s is divided by 6?
5
Let f(z) = 59*z - 166. Calculate the remainder when f(5) is divided by 35.
24
Suppose -237*d = -243*d + 12. Let j be (-2 - -2)*(-2)/(-2). What is the remainder when 20 + (j/1 - d) is divided by 10?
8
Let a be ((-6)/(-12))/(3/42). Let o be a*(3 - (-204)/28). What is the remainder when 3/1 + o/2 is divided by 21?
18
Let b = -250 - -259. Calculate the remainder when 276 is divided by b.
6
Let l = -6531 - -6641. Suppose -4*i + 60 = -2*i. What is the remainder when l is divided by i?
20
Let s(m) = 2*m**2 + 3*m + 1. Let v be 10/70 - 18/14*-31. Suppose 5*o = 5*c - v, -4*o = -4*c + o + 37. What is the remainder when s(-3) is divided by c?
1
Suppose -3*v + 119 = 2*v - 3*i, v = 2*i + 21. Calculate the remainder when v is divided by 24/(-20)*30/(-4).
7
Suppose -2*w - 80 = 570. What is the remainder when -3 + -1 + w/(-13) is divided by 4?
1
Suppose 2*p = -5*g + 33, 0 = -p - 4*g + 11 + 13. Let o be (1 + 0)/(p/(-128)). Let h = 54 + o. Calculate the remainder when h is divided by 6.
4
Let i = 28 - 34. Calculate the remainder when (2/i)/((-4)/(-6))*-82 is divided by 14.
13
Let y(j) = -j**3 + 28*j**2 + 29*j + 32. What is the remainder when 40 is divided by y(29)?
8
Let p(w) = 4*w**2 + 7*w - 115. Suppose -c + 4*m = -29, c = -3*c - m + 150. Calculate the remainder when p(6) is divided by c.
34
Let s(j) = 4 - 3 - 5*j + 50*j**2 + 4*j. Suppose -5*n = 4*i - 97, -56 = -4*n + 7*i - 3*i. Calculate the remainder when s(1) is divided by n.
16
Let f = 262 - -230. Calculate the remainder when f is divided by 161.
9
Suppose 8*h = 11*h - 36. Calculate the remainder when 59 is divided by h.
11
Let f(g) = 2*g**2 - 119*g + 435. Calculate the remainder when f(58) is divided by 106.
49
Let o = 35 + 60. Let d = -66 + o. What is the remainder when d is divided by 6?
5
Let w(a) = 172*a - 299. Calculate the remainder when w(8) is divided by 54.
51
Suppose 5*u - 33 = 2*k + 2*k, 3*k + u + 20 = 0. Let m = k + 11. Suppose 2*o = 5*o - 6, 0 = -5*w + 4*o + 17. What is the remainder when w is divided by m?
1
Suppose 5*y = 3*v + v + 24, 4*y - 20 = 4*v. Let a be (-6)/(7/(-4) - v). Suppose -12 = -4*o + a. Calculate the remainder when 19 is divided by o.
4
Let a = -119 + 127. Calculate the remainder when 60 is divided by a.
4
Calculate the remainder when 490 is divided by (48 + 3)*(-10)/(-30).
14
Let m = -34 + 37. What is the remainder when (-130)/(-4) - 2/(-4) is divided by (1/m)/(4/132) - -1?
9
Let f = 21 + -19. Suppose 4*t + 0 + 4 = -2*r, -4*r + 2 = 3*t. What is the remainder when (2/2)/(t/(-14)) is divided by f?
1
Let k(x) be the second derivative of x**5/20 - 11*x**4/12 + x**3/6 + 19*x**2/2 - 11*x. Calculate the remainder when k(11) is divided by 8.
6
Let u(p) = -10*p - 2. Let t(m) = -m + 14. Let w be -1 - (-2)/(-2) - 1. Calculate the remainder when u(-5) is divided by t(w).
14
Suppose -2*h - 3*h = -95. Let a = h + -6. What is the remainder when 49 is divided by a?
10
Suppose -10 = -3*k - 37. Let q be k/(-21) - (-2301)/21. Suppose -2*m = -7*m + q. Calculate the remainder when 63 is divided by m.
19
Suppose -3*l - 2*o + 705 = o, -l - 3*o = -231. What is the remainder when l is divided by 6?
3
Let w(u) = -u + 50. What is the remainder when 114 is divided by w(10)?
34
Let x(a) = 0*a**3 - a**3 + 5*a**2 - 6 + 2*a + 0. Suppose 0 = -2*j + 2*b + 10, 3*b - 25 = -5*j - b. Calculate the remainder when 9 is divided by x(j).
1
Let b = -43 - -47. Suppose -y = 3*y - 5*o - 67, 0 = b*y - 3*o - 77. What is the remainder when 43 is divided by y?
20
Calculate the remainder when (-1299)/(-45) + (-38)/(-285) is divided by 24.
5
Let k be ((-4)/(-3) - -2)*(1 + -37). Let h = -109 - k. Let u(z) = z**3 - 4*z + 3. What is the remainder when h is divided by u(2)?
2
Suppose 3*a + 3*l - 36 = -a, -4*l - 45 = -5*a. Calculate the remainder when 141 is divided by a.
6
Suppose 4*c - 415 = 225. Let s(f) = -42*f**3 - 2*f**2 + 12*f + 13. Calculate the remainder when c is divided by s(-1).
37
Let o be (4 - -24) + 2 + -1. What is the remainder when 148 is divided by o - 2 - (-9)/3?
28
Let k(o) = o**3 - 7*o**2 - 6*o - 14. Let r be k(8). Suppose 3*w = 5*j - 236 + 30, 4*j = -r*w + 156. Calculate the remainder when j is divided by 14.
12
Let s = 119 + 275. Calculate the remainder when s is divided by 99.
97
Let c = -5 - -44. What is the remainder when c is divided by (-19)/((-456)/320) - (-4)/6?
11
Suppose 0 = -7*g + 21 + 98. Let t = 91 + -62. What is the remainder when t is divided by g?
12
Let y = 11 + 4. Let q(w) = 2*w**3 - 9*w**2 - 5*w + 2. Let t be q(5). Suppose -s = t*s - 132. What is the remainder when s is divided by y?
14
Let x(v) = 4*v**2 + v**2 - 1 + 3*v + 0*v + v**3 - v. Calculate the remainder when x(-4) is divided by 3.
1
What is the remainder when 50 is divided by (-8)/(-56) - 627/(-21)?
20
Calculate the remainder when 224 is divided by (102/12)/((-1 - 0)/(-6)).
20
Let l(z) = 14*z + 27. Calculate the remainder when l(5) is divided by 12.
1
Suppose j + 4*j = 160. Let p(c) = -58*c - 211. What is the remainder when j is divided by p(-4)?
11
Suppose -41*d = 37*d - 780. Let q = 45 + -26. Calculate the remainder when q is divided by d.
9
Let l be (-128)/(-6)*6/4. Suppose -2*x = 4*d + 60, -d - x + 6*x = 37. Let y = l + d. Calculate the remainder when 44 is divided by y.
14
Let n(w) = -2*w - 41. Let c be n(0). Let b = -19 - c. Calculate the remainder when 41 is divided by b.
19
Let j(k) = -2*k**3 + 17*k**2 + 13*k - 5. Let c be j(9). What is the remainder when c/(-2 + 3) - 3 is divided by 15?
13
Let z(f) = -f**3 - 10*f**2 - 9*f + 4. Let l be z(-9). Let g(b) = -l - 1 + 2*b**2 - 2*b + 7*b**2 - 6*b**2. Calculate the remainder when 63 is divided by g(3).
15
Let p be 6/(-15)*-1 + 115/25. Suppose -3*n + 70 = 2*g, -4*g + 117 = p*n - g. Calculate the remainder when 64 is divided by n.
16
Let b(j) = -2*j - 11. Let c be b(-16). Let f = 6 + c. What is the remainder when 106 is divided by f?
25
Let t(w) = w**2 + 4*w - 5. Let r be t(2). Suppose 5*q + r = -3. Calculate the remainder when 12 is divided by 2 + 10*(-1)/q.
5
Let a be -34*(2 + 12/(-4)). Let c = 7 - -42. Let h = c - a. What is the remainder when 44 is divided by h?
14
Suppose -32*v + 38*v - 204 = 0. Calculate the remainder when v is divided by 21.
13
Suppose 7*v = 2 + 12. Suppose -17 = -v*x + 35. Calculate the remainder when x is divided by 10.
6
Suppose 16*p = -30*p + 69828. What is the remainder when p is divided by 39?
36
Calculate the remainder when 412 is divided by (-558)/120*-4 - (-24)/(-40).
16
Let j be 45/(-6) + 1/(-2). Let w = 1 - j. Let y = -3 + w. Calculate the remainder when 22 is divided by y.
4
Let c(k) = k**2 - 4*k - 2. Let f be c(5). Suppose -f*i + 48 = i. Suppose 7*z = 5*z + i. Calculate the remainder when 22 is divided by z.
4
Let j = 11 - 10. Let c be (-1)/j*(-9 + 5). Suppose -c*l + 0*l + 84 = 0. Calculate the remainder when l is divided by 12.
9
Suppose -t = 3*t - 36. Suppose q = -5*z + 2 + 58, -z - 87 = -2*q. Let c = -20 + q. Calculate the remainder when c is divided by t.
7
Let k(g) = -g**3 + 5*g**2 + g - 2. Let x be k(5). Suppose -r + x*o + 82 = r, 5*r = -3*o + 226. What is the remainder when r is divided by 23?
21
Let y(p) = -p**2 + 4*p + 2. Let z(m) = 2*m**2 - 5*m - 2. Let o(a) = 5*y(a) + 4*z(a). What is the remainder when 24 is divided by o(2)?
10
What is the remainder when -3*(-9)/(216/1504) is divided by 64?
60
Let f = -811 - -897. Calculate the remainder when f is divided by 10.
6
Let o(g) = 9*g - 44. Let i(k) = 3*k - 13. Calculate the remainder when o(8) is divided by i(6).
3
Suppose 0 = -63*t + 11*t + 1664. What is the remainder when 95 is divided by t?
31
Let j(b) = b**2 - 7*b. Let q be j(4). Let l = q - -15. Calculate the remainder when 4 is divided by l.
1
Let w be 2/(-8) - (-5)/20. Let z(i) = -i + 4 + w + 2 - 3. What is the remainder when 8 is divided by z(0)?
2
Let v be (8/(-6))/((-6)/(-27)). Let y = 49 - 35. Calculate the remainder when (-330)/6*2*3/v is divided by y.
13
Let v be 12/5 + (-2)/5. Suppose v*x + 4 = 0, -2*w + 4 = -2*x - 8. Suppose 2*l - 5*u - 13 = 0, w*u - 7 = -2*l - 3. What is the remainder when 13 is divided by l?
1
Suppose 96 = 4*l + t - 6*t, t + 4 = 0. What is the remainder when (16/10)/(4/140) is divided by (-5 + 1)/(-4)*l?
18
Suppose 14*x - 15*x + 4 = 0. Suppos